{"id":19,"date":"2014-07-06T12:54:49","date_gmt":"2014-07-06T10:54:49","guid":{"rendered":"http:\/\/lanford.myqnapcloud.com\/wordpress\/?page_id=19"},"modified":"2014-08-11T10:20:52","modified_gmt":"2014-08-11T08:20:52","slug":"qualitaet","status":"publish","type":"page","link":"https:\/\/josefmennicken.de\/?page_id=19","title":{"rendered":"Qualit\u00e4t"},"content":{"rendered":"<p class=\"flowText\"><a href=\"http:\/\/213.244.52.55\/wp-content\/uploads\/2014\/07\/wappen1.jpg\"><img loading=\"lazy\" decoding=\"async\" class=\"alignnone wp-image-20 size-full\" src=\"http:\/\/213.244.52.55\/wp-content\/uploads\/2014\/07\/wappen1.jpg\" alt=\"\" width=\"138\" height=\"133\" \/><\/a><\/p>\n<p class=\"flowText\">Durch jahrelange Erfahrungen in den Aufgabenbereichen Innen-, Au\u00dfenputz, Trockenbau und Akustik sichern wir Ihnen eine prompte und problemlose Abwicklung Ihrer Arbeiten zu.<br \/>\nProbleml\u00f6sungen und heikle F\u00e4lle geh\u00f6ren bei unseren Arbeiten zur Tagesordnung. Wir arbeiten nach den neusten technischen Bestimmungen und den anerkannten Regeln der Technik.<\/p>\n<p>Somit k\u00f6nnen wir Ihnen jetzt schon eine<\/p>\n<p>\t&#8211; problemlose<br \/>\n\t&#8211; prompte<br \/>\n\t&#8211; schnelle<br \/>\n\t&#8211; saubere<br \/>\n\t&#8211; m\u00e4ngelfreie<\/p>\n<p class=\"flowText\">und technisch einwandfreie Erstellung Ihrer Arbeiten zusichern.<\/p>\n","protected":false},"excerpt":{"rendered":"<p>Durch jahrelange Erfahrungen in den Aufgabenbereichen Innen-, Au\u00dfenputz, Trockenbau und Akustik sichern wir Ihnen eine prompte und problemlose Abwicklung Ihrer Arbeiten zu. Probleml\u00f6sungen und heikle F\u00e4lle geh\u00f6ren bei unseren Arbeiten zur Tagesordnung. Wir arbeiten nach den neusten technischen Bestimmungen und den anerkannten Regeln der Technik. Somit k\u00f6nnen wir Ihnen jetzt schon eine &#8211; problemlose &#8211; &hellip; <a href=\"https:\/\/josefmennicken.de\/?page_id=19\" class=\"more-link\"><span class=\"screen-reader-text\">Qualit\u00e4t<\/span> weiterlesen <span class=\"meta-nav\">&rarr;<\/span><\/a><\/p>\n","protected":false},"author":1,"featured_media":0,"parent":0,"menu_order":0,"comment_status":"open","ping_status":"open","template":"","meta":{"footnotes":""},"class_list":["post-19","page","type-page","status-publish","hentry"],"_links":{"self":[{"href":"https:\/\/josefmennicken.de\/index.php?rest_route=\/wp\/v2\/pages\/19","targetHints":{"allow":["GET"]}}],"collection":[{"href":"https:\/\/josefmennicken.de\/index.php?rest_route=\/wp\/v2\/pages"}],"about":[{"href":"https:\/\/josefmennicken.de\/index.php?rest_route=\/wp\/v2\/types\/page"}],"author":[{"embeddable":true,"href":"https:\/\/josefmennicken.de\/index.php?rest_route=\/wp\/v2\/users\/1"}],"replies":[{"embeddable":true,"href":"https:\/\/josefmennicken.de\/index.php?rest_route=%2Fwp%2Fv2%2Fcomments&post=19"}],"version-history":[{"count":4,"href":"https:\/\/josefmennicken.de\/index.php?rest_route=\/wp\/v2\/pages\/19\/revisions"}],"predecessor-version":[{"id":237,"href":"https:\/\/josefmennicken.de\/index.php?rest_route=\/wp\/v2\/pages\/19\/revisions\/237"}],"wp:attachment":[{"href":"https:\/\/josefmennicken.de\/index.php?rest_route=%2Fwp%2Fv2%2Fmedia&parent=19"}],"curies":[{"name":"wp","href":"https:\/\/api.w.org\/{rel}","templated":true}]}}