{"id":32,"date":"2014-07-06T13:01:58","date_gmt":"2014-07-06T11:01:58","guid":{"rendered":"http:\/\/lanford.myqnapcloud.com\/wordpress\/?page_id=32"},"modified":"2014-08-07T10:51:40","modified_gmt":"2014-08-07T08:51:40","slug":"aussenputz","status":"publish","type":"page","link":"https:\/\/josefmennicken.de\/?page_id=32","title":{"rendered":"Au\u00dfenputz"},"content":{"rendered":"<p><span style=\"text-decoration: underline;\"><strong>Unser Au\u00dfenputzprogramm an Neu- und Altbauten:<\/strong><\/span><br \/><span><\/span><br \/>\n&#8211; S\u00e4mtliche mineralischen Kratzputze, Leichtunterputze, D\u00e4mmputze und Sanierputze.<br \/><span><\/span><\/p>\n<p>&#8211; S\u00e4mtliche Oberputze mit mineralischen und organischen Bindmitteln, Silikonharz- und Silikatputze.<br \/><span><\/span><\/p>\n<p>&#8211; Vorbehandlung auch schwieriger Untergr\u00fcnde, Au\u00dfenanstriche von Silikat- bis Acrylfarben.<br \/><span><\/span><\/p>\n<p>&#8211; Ger\u00fcstbau, technische und farbliche Beratung.<br \/><span><\/span><\/p>\n<p>&#8211; Langj\u00e4hrige Erfahrung mit allen Au\u00dfenputzproblemen.<br \/><span><\/span><\/p>\n","protected":false},"excerpt":{"rendered":"<p>Unser Au\u00dfenputzprogramm an Neu- und Altbauten: &#8211; S\u00e4mtliche mineralischen Kratzputze, Leichtunterputze, D\u00e4mmputze und Sanierputze. &#8211; S\u00e4mtliche Oberputze mit mineralischen und organischen Bindmitteln, Silikonharz- und Silikatputze. &#8211; Vorbehandlung auch schwieriger Untergr\u00fcnde, Au\u00dfenanstriche von Silikat- bis Acrylfarben. &#8211; Ger\u00fcstbau, technische und farbliche Beratung. &#8211; Langj\u00e4hrige Erfahrung mit allen Au\u00dfenputzproblemen.<\/p>\n","protected":false},"author":1,"featured_media":0,"parent":0,"menu_order":0,"comment_status":"open","ping_status":"open","template":"","meta":{"footnotes":""},"class_list":["post-32","page","type-page","status-publish","hentry"],"_links":{"self":[{"href":"https:\/\/josefmennicken.de\/index.php?rest_route=\/wp\/v2\/pages\/32","targetHints":{"allow":["GET"]}}],"collection":[{"href":"https:\/\/josefmennicken.de\/index.php?rest_route=\/wp\/v2\/pages"}],"about":[{"href":"https:\/\/josefmennicken.de\/index.php?rest_route=\/wp\/v2\/types\/page"}],"author":[{"embeddable":true,"href":"https:\/\/josefmennicken.de\/index.php?rest_route=\/wp\/v2\/users\/1"}],"replies":[{"embeddable":true,"href":"https:\/\/josefmennicken.de\/index.php?rest_route=%2Fwp%2Fv2%2Fcomments&post=32"}],"version-history":[{"count":6,"href":"https:\/\/josefmennicken.de\/index.php?rest_route=\/wp\/v2\/pages\/32\/revisions"}],"predecessor-version":[{"id":203,"href":"https:\/\/josefmennicken.de\/index.php?rest_route=\/wp\/v2\/pages\/32\/revisions\/203"}],"wp:attachment":[{"href":"https:\/\/josefmennicken.de\/index.php?rest_route=%2Fwp%2Fv2%2Fmedia&parent=32"}],"curies":[{"name":"wp","href":"https:\/\/api.w.org\/{rel}","templated":true}]}}