{"id":36,"date":"2014-07-06T13:03:18","date_gmt":"2014-07-06T11:03:18","guid":{"rendered":"http:\/\/lanford.myqnapcloud.com\/wordpress\/?page_id=36"},"modified":"2014-08-07T11:02:54","modified_gmt":"2014-08-07T09:02:54","slug":"trocken-akustikbau","status":"publish","type":"page","link":"https:\/\/josefmennicken.de\/?page_id=36","title":{"rendered":"Trocken- Akustikbau"},"content":{"rendered":"<p>&#8211; Erstellung s\u00e4mtlicher Wand- und Deckensysteme. Brandschutzverkleidungen in allen Feuerschutzklassen.<\/p>\n<p>&#8211; S\u00e4mtliche Schallschutz- und W\u00e4rmeschutzverkleidungen, Dachgescho\u00dfausbauten und Holzfachwerkverkleidungen.<\/p>\n<p>&#8211; Mineralfaserdecken in allen Formaten und Ausf\u00fchrungen, Kunststoff- und Alupaneeldecken f\u00fcr Innen- und Au\u00dfenbereiche, Metallkassettendecken und Gipskartondecken in allen Ausf\u00fchrungsarten.<\/p>\n<p>&#8211; Gipskartonkonstruktionen malerfertig verspachtelt oder mit erh\u00f6hten Anforderungen an die Oberfl\u00e4chen.<\/p>\n<p>&#8211; Technische Beratung in allen Fragen und Probleml\u00f6sungen im Trockenbau durch jahrelange Erfahrung.<\/p>\n","protected":false},"excerpt":{"rendered":"<p>&#8211; Erstellung s\u00e4mtlicher Wand- und Deckensysteme. Brandschutzverkleidungen in allen Feuerschutzklassen. &#8211; S\u00e4mtliche Schallschutz- und W\u00e4rmeschutzverkleidungen, Dachgescho\u00dfausbauten und Holzfachwerkverkleidungen. &#8211; Mineralfaserdecken in allen Formaten und Ausf\u00fchrungen, Kunststoff- und Alupaneeldecken f\u00fcr Innen- und Au\u00dfenbereiche, Metallkassettendecken und Gipskartondecken in allen Ausf\u00fchrungsarten. &#8211; Gipskartonkonstruktionen malerfertig verspachtelt oder mit erh\u00f6hten Anforderungen an die Oberfl\u00e4chen. &#8211; Technische Beratung in allen Fragen &hellip; <a href=\"https:\/\/josefmennicken.de\/?page_id=36\" class=\"more-link\"><span class=\"screen-reader-text\">Trocken- Akustikbau<\/span> weiterlesen <span class=\"meta-nav\">&rarr;<\/span><\/a><\/p>\n","protected":false},"author":1,"featured_media":0,"parent":0,"menu_order":0,"comment_status":"open","ping_status":"open","template":"","meta":{"footnotes":""},"class_list":["post-36","page","type-page","status-publish","hentry"],"_links":{"self":[{"href":"https:\/\/josefmennicken.de\/index.php?rest_route=\/wp\/v2\/pages\/36","targetHints":{"allow":["GET"]}}],"collection":[{"href":"https:\/\/josefmennicken.de\/index.php?rest_route=\/wp\/v2\/pages"}],"about":[{"href":"https:\/\/josefmennicken.de\/index.php?rest_route=\/wp\/v2\/types\/page"}],"author":[{"embeddable":true,"href":"https:\/\/josefmennicken.de\/index.php?rest_route=\/wp\/v2\/users\/1"}],"replies":[{"embeddable":true,"href":"https:\/\/josefmennicken.de\/index.php?rest_route=%2Fwp%2Fv2%2Fcomments&post=36"}],"version-history":[{"count":4,"href":"https:\/\/josefmennicken.de\/index.php?rest_route=\/wp\/v2\/pages\/36\/revisions"}],"predecessor-version":[{"id":296,"href":"https:\/\/josefmennicken.de\/index.php?rest_route=\/wp\/v2\/pages\/36\/revisions\/296"}],"wp:attachment":[{"href":"https:\/\/josefmennicken.de\/index.php?rest_route=%2Fwp%2Fv2%2Fmedia&parent=36"}],"curies":[{"name":"wp","href":"https:\/\/api.w.org\/{rel}","templated":true}]}}