{"id":48,"date":"2014-07-06T13:18:07","date_gmt":"2014-07-06T11:18:07","guid":{"rendered":"http:\/\/lanford.myqnapcloud.com\/wordpress\/?page_id=48"},"modified":"2014-08-07T11:17:46","modified_gmt":"2014-08-07T09:17:46","slug":"tabellarisch","status":"publish","type":"page","link":"https:\/\/josefmennicken.de\/?page_id=48","title":{"rendered":"Tabellarisch"},"content":{"rendered":"<p><\/p>\n<table cellspacing=\"0\" cellpadding=\"0\">\n<tbody>\n<tr>\n<td><strong>Auftraggeber<\/strong><\/td>\n<td><strong>Bauvorhaben<\/strong><\/td>\n<td><strong>Gewerk<\/strong><\/td>\n<td><strong>Leistungsumfang<\/strong><\/td>\n<\/tr>\n<tr>\n<td>Staatliches Bauamt Iserlohn<\/td>\n<td>div. \u00d6ffentl. Bauten<\/td>\n<td>Innen-, Au\u00dfenputz, Trockenbau<\/td>\n<td>ca. 1,5 Mil.DM<\/td>\n<\/tr>\n<tr>\n<td>Staatliches Bauamt Siegen<\/td>\n<td>Justizvollzugsanstalt Attendorn<\/td>\n<td>Innen-, Au\u00dfenputz<\/td>\n<td>ca. 400.000,- DM<\/td>\n<\/tr>\n<tr>\n<td>Hochbauamt Iserlohn<\/td>\n<td>div. Schulen, Verwaltungsgeb\u00e4ude, Museen usw.<\/td>\n<td>Innen-, Au\u00dfenputz, Trockenbau<\/td>\n<td>ca. 3 &#8211; 4 Mill. DM<\/td>\n<\/tr>\n<tr>\n<td>Hochbauamt Sundern<\/td>\n<td><span style=\"color: #000000;\">Rathaus<\/span>, Schulen, Verwaltungsgeb\u00e4uge usw.<\/td>\n<td>Au\u00dfenputz<\/td>\n<td>ca. 500.000,- DM<\/td>\n<\/tr>\n<tr>\n<td>Hochbauamt M\u00e4rkischer Kreis<\/td>\n<td>Schulen, Rathaus usw.<\/td>\n<td>Innen-, Au\u00dfenputz<\/td>\n<td>ca. 1 Mill. DM<\/td>\n<\/tr>\n<tr>\n<td>IGW Iserlohn<\/td>\n<td>div. Wohnh\u00e4user in Iserlohn<\/td>\n<td>Innen-, Au\u00dfenputz, Trockenbau<\/td>\n<td>ca. 3 Mill. DM<\/td>\n<\/tr>\n<tr>\n<td>PS-Wohnungsbau Unna<\/td>\n<td>div. Wohnh\u00e4user in Dortmund, L\u00fcnen, Unna usw.<\/td>\n<td>Innen-, Au\u00dfenputz, Trockenbau<\/td>\n<td>ca. 2 Mill. DM<\/td>\n<\/tr>\n<tr>\n<td>M\u00f6llhof Wohnungsbau Hagen<\/td>\n<td>div. Wohnh\u00e4user von Hagen bis Breckerfeld<\/td>\n<td>Au\u00dfenputz<\/td>\n<td>ca. 2 Mill. DM<\/td>\n<\/tr>\n<tr>\n<td>GWG Schwerte<\/td>\n<td>div. Wohnh\u00e4user in Schwerte<\/td>\n<td>Au\u00dfenputz, Trockenbau<\/td>\n<td>ca. 600.000,- DM<\/td>\n<\/tr>\n<tr>\n<td>Philipp Holzmann AG<\/td>\n<td>div. Gewerbl. Bauten, Wohnh\u00e4user usw.<\/td>\n<td>Innenputz, Trockenbau<\/td>\n<td>ca. 3 Mill. DM<\/td>\n<\/tr>\n<tr>\n<td>Hochtief AG<\/td>\n<td>div. Gewerbl. Bauten, Wohnh\u00e4user usw.<\/td>\n<td>Innen-, Au\u00dfenputz, Trockenbau<\/td>\n<td>ca. 5 Mill. DM<\/td>\n<\/tr>\n<tr>\n<td>Oevermann GmbH &amp; Co.<\/td>\n<td>div. Gewerbl. Bauten, Wohnh\u00e4user usw.<\/td>\n<td>Innen-, Au\u00dfenputz, Trockenbau<\/td>\n<td>ca. 800.000,- DM<\/td>\n<\/tr>\n<tr>\n<td>Bilfinger + Berger Bau AG<\/td>\n<td>div. Wohnh\u00e4user, Verwaltungsgeb\u00e4ude usw.<\/td>\n<td>Innen-, Au\u00dfenputz, Trockenbau<\/td>\n<td>ca. 4 Mill. DM<\/td>\n<\/tr>\n<tr>\n<td>Verfu\u00df GmbH<\/td>\n<td>div. Krankenh\u00e4user, Verwaltungsbauten usw.<\/td>\n<td>Innen-, Au\u00dfenputz, Trockenbau<\/td>\n<td>ca. 1 Mill. DM<\/td>\n<\/tr>\n<tr>\n<td>Wiemer + Trachte AG<\/td>\n<td class=\"flowText\" width=\"358\"><span style=\"font-size: small;\">div. Wohnh\u00e4user, Verwaltungsgeb\u00e4ude, usw.<\/span><\/td>\n<td class=\"flowText\" width=\"278\"><span style=\"font-size: small;\">Innen-, Au\u00dfenputz, Trockenbau<\/span><\/td>\n<td class=\"flowText\" width=\"144\"><span style=\"font-size: small;\">ca. 500.000,- DM<\/span><\/td>\n<\/tr>\n<tr>\n<td class=\"flowText\" width=\"265\"><span style=\"font-size: small;\">Arge Airport 2000 D\u00fcsseldorf<\/span><\/td>\n<td class=\"flowText\" width=\"358\"><span style=\"font-size: small;\">Flughafen D\u00fcsseldorf Flugsteig A+B<\/span><\/td>\n<td class=\"flowText\" width=\"278\"><span style=\"font-size: small;\">Innen-, Au\u00dfenputz, Trockenbau<\/span><\/td>\n<td class=\"flowText\" width=\"144\"><span style=\"font-size: small;\">ca. 1,5 Mill. DM<\/span><\/td>\n<\/tr>\n<tr>\n<td class=\"flowText\" width=\"265\"><span style=\"font-size: small;\">Arge Woolworth<\/span><\/td>\n<td class=\"flowText\" width=\"358\"><span style=\"font-size: small;\">Woolworth Distributionsgeb\u00e4ude B\u00f6nen<\/span><\/td>\n<td class=\"flowText\" width=\"278\"><span style=\"font-size: small;\">Trockenbau, Innenputz<\/span><\/td>\n<td class=\"flowText\" width=\"144\"><span style=\"font-size: small;\">ca. 200.000,- DM<\/span><\/td>\n<\/tr>\n<tr>\n<td class=\"flowText\" width=\"265\"><span style=\"font-size: small;\">Arch. Ebeling, Iserlohn<\/span><\/td>\n<td class=\"flowText\" width=\"358\"><span style=\"font-size: small;\">Hotel 4 &#8211; Jahreszeiten Iserlohn<\/span><\/td>\n<td class=\"flowText\" width=\"278\"><span style=\"font-size: small;\">Innen-, Au\u00dfenputz, Trockenbau<\/span><\/td>\n<td class=\"flowText\" width=\"144\"><span style=\"font-size: small;\">ca. 1,2 Mill. DM <\/span><\/td>\n<\/tr>\n<tr>\n<td class=\"flowText\" width=\"265\"><span style=\"font-size: small;\">Arch. Ebeling, Iserlohn<\/span><\/td>\n<td class=\"flowText\" width=\"358\"><span style=\"font-size: small;\">Cine &#8211; Star Iserlohn<\/span><\/td>\n<td class=\"flowText\" width=\"278\"><span style=\"font-size: small;\">Innen-, Au\u00dfenputz, Trockenbau<\/span><\/td>\n<td class=\"flowText\" width=\"144\"><span style=\"font-size: small;\">ca. 1,3 Mill. DM<\/span><\/td>\n<\/tr>\n<tr>\n<td class=\"flowText\" width=\"265\"><span style=\"font-size: small;\">Arch. Ebeling, Iserlohn<\/span><\/td>\n<td class=\"flowText\" width=\"358\"><span style=\"font-size: small;\">div. Wohnh\u00e4user, gewerbl. Bauten usw.<\/span><\/td>\n<td class=\"flowText\" width=\"278\"><span style=\"font-size: small;\">Innen-, Au\u00dfenputz, Trockenbau<\/span><\/td>\n<td class=\"flowText\" width=\"144\"><span style=\"font-size: small;\">ca. 2 Mill. DM<\/span><\/td>\n<\/tr>\n<tr>\n<td class=\"flowText\" width=\"265\"><span style=\"font-size: small;\">Arch. Dossmann, Iserlohn<\/span><\/td>\n<td class=\"flowText\" width=\"358\"><span style=\"font-size: small;\">div. Schulen, Wohnh\u00e4user, Banken usw.<\/span><\/td>\n<td class=\"flowText\" width=\"278\"><span style=\"font-size: small;\">Innen-, Au\u00dfenputz, Trockenbau<\/span><\/td>\n<td class=\"flowText\" width=\"144\"><span style=\"font-size: small;\">ca. 1,8 Mill. DM<\/span><\/td>\n<\/tr>\n<tr>\n<td class=\"flowText\" width=\"265\"><span style=\"font-size: small;\">Arch. Prof. Kammel, Hagen<\/span><\/td>\n<td class=\"flowText\" width=\"358\"><span style=\"font-size: small;\">div. Krankenh\u00e4user, Wohnh\u00e4user usw.<\/span><\/td>\n<td class=\"flowText\" width=\"278\"><span style=\"font-size: small;\">Innen-, Au\u00dfenputz, Trockenbau<\/span><\/td>\n<td class=\"flowText\" width=\"144\"><span style=\"font-size: small;\">ca. 1 Mill. DM<\/span><\/td>\n<\/tr>\n<tr>\n<td class=\"flowText\" width=\"265\"><span style=\"font-size: small;\">Arch. Meyer + Partner, Hagen<\/span><\/td>\n<td class=\"flowText\" width=\"358\"><span style=\"font-size: small;\">div. Wohnh\u00e4user, gewerbl. Bauten usw.<\/span><\/td>\n<td class=\"flowText\" width=\"278\"><span style=\"font-size: small;\">Au\u00dfenputz<\/span><\/td>\n<td class=\"flowText\" width=\"144\"><span style=\"font-size: small;\">ca. 4 Mill. DM<\/span><\/td>\n<\/tr>\n<tr>\n<td class=\"flowText\" width=\"265\"><span style=\"font-size: small;\">Arch. Br\u00fcning + Schmidt, Dortmund<\/span><\/td>\n<td class=\"flowText\" width=\"358\"><span style=\"font-size: small;\">div. Wohn- und Verwaltungsgeb\u00e4ude<\/span><\/td>\n<td class=\"flowText\" width=\"278\"><span style=\"font-size: small;\">Innen-, Au\u00dfenputz, Trockenbau<\/span><\/td>\n<td class=\"flowText\" width=\"144\"><span style=\"font-size: small;\">ca. 600.000,- DM<\/span><\/td>\n<\/tr>\n<tr>\n<td class=\"flowText\" width=\"265\"><span style=\"font-size: small;\">Arch. Rick, M\u00f6nchengladbach<\/span><\/td>\n<td class=\"flowText\" width=\"358\"><span style=\"font-size: small;\">Krankenhaus Wickede-Wimbern<\/span><\/td>\n<td class=\"flowText\" width=\"278\"><span style=\"font-size: small;\">Innen-, Au\u00dfenputz, Trockenbau<\/span><\/td>\n<td class=\"flowText\" width=\"144\"><span style=\"font-size: small;\">ca. 400.000,- DM<\/span><\/td>\n<\/tr>\n<tr>\n<td class=\"flowText\" width=\"265\"><span style=\"font-size: small;\">Arch. Sch\u00f6nenberg + Partner, Iserlohn<\/span><\/td>\n<td class=\"flowText\" width=\"358\"><span style=\"font-size: small;\">div. Wohnh\u00e4user, gewerbl u. \u00f6ffentl. Geb\u00e4ude<\/span><\/td>\n<td class=\"flowText\" width=\"278\"><span style=\"font-size: small;\">Innen-, Au\u00dfenputz, Trockenbau<\/span><\/td>\n<td class=\"flowText\" width=\"144\"><span style=\"font-size: small;\">ca. 1,5 Mill. DM<\/span><\/td>\n<\/tr>\n<tr>\n<td class=\"flowText\" width=\"265\"><span style=\"font-size: small;\">Arch. Schramek + Weide, Hagen<\/span><\/td>\n<td class=\"flowText\" width=\"358\"><span style=\"font-size: small;\">div. Wohnh\u00e4user, bewerbl. BV, Seniorenzentren<\/span><\/td>\n<td class=\"flowText\" width=\"278\"><span style=\"font-size: small;\">Innen-, Au\u00dfenputz, Trockenbau<\/span><\/td>\n<td class=\"flowText\" width=\"144\"><span style=\"font-size: small;\">ca. 1 Mill. DM<\/span><\/td>\n<\/tr>\n<tr>\n<td class=\"flowText\" width=\"265\"><span style=\"font-size: small;\">Arch. H\u00fclter, Hemer<\/span><\/td>\n<td class=\"flowText\" width=\"358\"><span style=\"font-size: small;\">div. Wohnh\u00e4user und gewerbl. Bauten<\/span><\/td>\n<td class=\"flowText\" width=\"278\"><span style=\"font-size: small;\">Innen-, Au\u00dfenputz, Trockenbau<\/span><\/td>\n<td class=\"flowText\" width=\"144\"><span style=\"font-size: small;\">ca. 300.000,- DM<\/span><\/td>\n<\/tr>\n<tr>\n<td class=\"flowText\" width=\"265\"><span style=\"font-size: small;\">Arch. Hansen, L\u00fcdenscheid<\/span><\/td>\n<td class=\"flowText\" width=\"358\"><span style=\"font-size: small;\">Sch\u00fctzenhalle L\u00fcdenscheid<\/span><\/td>\n<td class=\"flowText\" width=\"278\"><span style=\"font-size: small;\">Denkmalschutz<\/span><\/td>\n<td class=\"flowText\" width=\"144\"><span style=\"font-size: small;\">ca. 200.000,- DM<\/span><\/td>\n<\/tr>\n<tr>\n<td class=\"flowText\" width=\"265\"><span style=\"font-size: small;\">Arch. Hansen, L\u00fcdenscheid<\/span><\/td>\n<td class=\"flowText\" width=\"358\"><span style=\"font-size: small;\">div. Wohnh\u00e4user u. gewerbl. Bauvorhaben<\/span><\/td>\n<td class=\"flowText\" width=\"278\"><span style=\"font-size: small;\">Innen-, Au\u00dfenputz, Trockenbau<\/span><\/td>\n<td class=\"flowText\" width=\"144\"><span style=\"font-size: small;\">ca. 1 Mill. DM<\/span><\/td>\n<\/tr>\n<tr>\n<td class=\"flowText\" width=\"265\"><span style=\"font-size: small;\">Arch. J\u00fcrgens, Hemer<\/span><\/td>\n<td class=\"flowText\" width=\"358\"><span style=\"font-size: small;\">div. Wohnh\u00e4user u. gewerbl. Bauvorhaben<\/span><\/td>\n<td class=\"flowText\" width=\"278\"><span style=\"font-size: small;\">Innen-, Au\u00dfenputz, Trockenbau<\/span><\/td>\n<td class=\"flowText\" width=\"144\"><span style=\"font-size: small;\">ca. 500.000,- DM<\/span><\/td>\n<\/tr>\n<tr>\n<td class=\"flowText\" width=\"265\"><span style=\"font-size: small;\">Arch. N\u00f6lle, Menden<\/span><\/td>\n<td class=\"flowText\" width=\"358\"><span style=\"font-size: small;\">div. Wohnh\u00e4user u. gewerbl. Bauvorhaben<\/span><\/td>\n<td class=\"flowText\" width=\"278\"><span style=\"font-size: small;\">Innen-, Au\u00dfenputz, Trockenbau<\/span><\/td>\n<td class=\"flowText\" width=\"144\"><span style=\"font-size: small;\">ca. 500.000,- DM<\/span><\/td>\n<\/tr>\n<tr>\n<td class=\"flowText\" width=\"265\"><span style=\"font-size: small;\">Arch. K\u00fcnkler u. Bornemann, Schwerte<\/span><\/td>\n<td class=\"flowText\" width=\"358\"><span style=\"font-size: small;\">div. Wohnh\u00e4user u. gewerbl. Bauvorhaben<\/span><\/td>\n<td class=\"flowText\" width=\"278\"><span style=\"font-size: small;\">Innen-, Au\u00dfenputz, Trockenbau<\/span><\/td>\n<td class=\"flowText\" width=\"144\"><span style=\"font-size: small;\">ca. 400.000,- DM<\/span><\/td>\n<\/tr>\n<tr>\n<td class=\"flowText\" width=\"265\"><span style=\"font-size: small;\">Arch. Miele u. Rabe, Hohenlimburg<\/span><\/td>\n<td class=\"flowText\" width=\"358\"><span style=\"font-size: small;\">div. Wohnh\u00e4user u. gewerbl. Bauvorhaben<\/span><\/td>\n<td class=\"flowText\" width=\"278\"><span style=\"font-size: small;\">Innen-, Au\u00dfenputz, Trockenbau<\/span><\/td>\n<td class=\"flowText\" width=\"144\"><span style=\"font-size: small;\">ca. 1 Mill. DM<\/span><\/td>\n<\/tr>\n<tr>\n<td class=\"flowText\" width=\"265\"><span style=\"font-size: small;\">Arch. Kemper + Steiner, Bochum<\/span><\/td>\n<td class=\"flowText\" width=\"358\"><span style=\"font-size: small;\">div. Wohnh\u00e4user u. gewerbl. Bauvorhaben<\/span><\/td>\n<td class=\"flowText\" width=\"278\"><span style=\"font-size: small;\">Innenputz<\/span><\/td>\n<td class=\"flowText\" width=\"144\"><span style=\"font-size: small;\">ca. 1,5 Mill. DM<\/span><\/td>\n<\/tr>\n<\/tbody>\n<\/table>\n","protected":false},"excerpt":{"rendered":"<p>Auftraggeber Bauvorhaben Gewerk Leistungsumfang Staatliches Bauamt Iserlohn div. \u00d6ffentl. Bauten Innen-, Au\u00dfenputz, Trockenbau ca. 1,5 Mil.DM Staatliches Bauamt Siegen Justizvollzugsanstalt Attendorn Innen-, Au\u00dfenputz ca. 400.000,- DM Hochbauamt Iserlohn div. Schulen, Verwaltungsgeb\u00e4ude, Museen usw. Innen-, Au\u00dfenputz, Trockenbau ca. 3 &#8211; 4 Mill. DM Hochbauamt Sundern Rathaus, Schulen, Verwaltungsgeb\u00e4uge usw. Au\u00dfenputz ca. 500.000,- DM Hochbauamt M\u00e4rkischer Kreis &hellip; <a href=\"https:\/\/josefmennicken.de\/?page_id=48\" class=\"more-link\"><span class=\"screen-reader-text\">Tabellarisch<\/span> weiterlesen <span class=\"meta-nav\">&rarr;<\/span><\/a><\/p>\n","protected":false},"author":1,"featured_media":0,"parent":0,"menu_order":0,"comment_status":"open","ping_status":"open","template":"","meta":{"footnotes":""},"class_list":["post-48","page","type-page","status-publish","hentry"],"_links":{"self":[{"href":"https:\/\/josefmennicken.de\/index.php?rest_route=\/wp\/v2\/pages\/48","targetHints":{"allow":["GET"]}}],"collection":[{"href":"https:\/\/josefmennicken.de\/index.php?rest_route=\/wp\/v2\/pages"}],"about":[{"href":"https:\/\/josefmennicken.de\/index.php?rest_route=\/wp\/v2\/types\/page"}],"author":[{"embeddable":true,"href":"https:\/\/josefmennicken.de\/index.php?rest_route=\/wp\/v2\/users\/1"}],"replies":[{"embeddable":true,"href":"https:\/\/josefmennicken.de\/index.php?rest_route=%2Fwp%2Fv2%2Fcomments&post=48"}],"version-history":[{"count":2,"href":"https:\/\/josefmennicken.de\/index.php?rest_route=\/wp\/v2\/pages\/48\/revisions"}],"predecessor-version":[{"id":216,"href":"https:\/\/josefmennicken.de\/index.php?rest_route=\/wp\/v2\/pages\/48\/revisions\/216"}],"wp:attachment":[{"href":"https:\/\/josefmennicken.de\/index.php?rest_route=%2Fwp%2Fv2%2Fmedia&parent=48"}],"curies":[{"name":"wp","href":"https:\/\/api.w.org\/{rel}","templated":true}]}}